(-98 + 96)?
-1
Calculate -1 - 0 - (-3 + -7 - -5).
4
What is 2 + (16 - 7 - 4)?
7
Evaluate 3 - (-5 + 8 - -6) - -4.
-2
What is the value of 6 + (-1 - 0) + (-20 - -15)?
0
(3 - -3) + -2 - (-5 - -4)
5
Calculate (13 - (4 + 8)) + 5.
6
Calculate 1 - ((-2 - -3) + 1).
-1
Evaluate -2 - 0 - ((8 - 14) + 7).
-3
Calculate (-8 - -4) + (2 - 3).
-5
What is 3 + -7 + (9 - 2)?
3
What is -2 - 3 - (0 + (7 - 8))?
-4
Calculate 5 + -5 + 1 + (9 - 6).
4
Evaluate 4 - (6 + (0 - -1) + 0).
-3
What is the value of -3 + (-3 - (-2 - 9))?
5
-4 - (0 - (4 - (3 + -3)))
0
What is the value of -7 + (6 - -5) + 1 + -4?
1
Evaluate 5 + -5 + (-2 - -1) + -3.
-4
What is the value of 4 - (0 + (-2 - -5) + -4)?
5
Evaluate -2 + -13 + 8 - (1 - 5).
-3
What is -4 + -1 + (2 - 2 - 0)?
-5
Evaluate 3 - ((-2 - -4) + -4).
5
What is the value of -3 + 4 - -2 - 7?
-4
Calculate -2 + 4 + (1 - (0 + -1)).
4
6 + (-4 - (4 + -2 + -4))
4
Evaluate -3 + 7 + 4 + -2 + -1.
5
Calculate 3 + (-3 - -8) + -3.
5
6 + (3 + -6 - 2 - -3)
4
What is 0 + -1 + 6 - (-22 - -22)?
5
Calculate -7 + (11 - 5) - (7 + 0).
-8
Evaluate 6 - (4 + (5 - (3 - -5))).
5
Calculate (1 - -3) + (-26 - -27).
5
Evaluate (3 - (-4 + 6)) + -4.
-3
(-4 - 4) + 5 + 1 + -3
-5
What is the value of (3 - ((-4 - -2) + 1)) + 0?
4
Evaluate -8 + (1 - -4 - 2).
-5
Evaluate 0 + 10 + -3 + -6.
1
What is 5 + -4 - (1 + 1 + -2)?
1
0 + (2 - 9) + 6
-1
(2 + 3 - 10) + 2
-3
9 + -11 + (1 - -1)
0
What is the value of -4 + (-6 + (24 - 2) - 6)?
6
What is the value of 3 + -2 - 8 - (-7 - -4)?
-4
What is (5 - (13 - 5)) + 8?
5
Evaluate (7 - 2 - (1 + 0)) + -4.
0
2 - (7 + 2 + -1 + 3)
-9
Evaluate (-5 - -3) + (-4 - -2) - 5.
-9
What is 16 + -4 - (-1 + 6)?
7
0 - (-6 + 4 - 0)
2
Calculate -1 + -5 - (-3 - -2).
-5
What is 0 - 0 - ((0 - -2) + 2)?
-4
What is 2 + -10 - -7 - -1?
0
What is the value of (1 - (-3 - -5)) + (6 - 0)?
5
What is the value of -2 + (1 - (3 - 6))?
2
-24 + 7 + 3 - -9
-5
Evaluate -2 + (-2 - -6) + -1.
1
What is -17 + 5 + (-3 - 3) + 8?
-10
What is the value of -9 - -2 - (-14 + 6)?
1
What is the value of 2 - -9 - (-7 - -18)?
0
What is the value of 2 - (0 - (-5 + 4 + -2))?
-1
Calculate -3 + 2 - (-1 + -4 - -7).
-3
What is the value of 0 + -4 - (2 + -11 + 11)?
-6
-25 + 16 - (-9 - 0)
0
-4 - (-5 + (-2 - 1))
4
What is the value of 2 + 3 + -2 + -4?
-1
What is 0 + (-3 - -1) - (72 - 71)?
-3
-12 + 1 - (6 - 18)
1
Evaluate 3 + (0 + 0 + 3 - 2).
4
Calculate 4 + (-12 + 11 - -4).
7
(5 - 2) + 4 + -1 + -4
2
(-5 - -2) + (-1 - -4)
0
Evaluate -4 + 0 + (18 - 14) - 2.
-2
What is 5 + (-1 - 6) + 5?
3
What is the value of (23 + -15 - (3 - 2)) + 1?
8
What is 0 + 4 + 0 - 9?
-5
What is 1 + -2 + 3 + -6 + 1?
-3
What is (-13 - -5 - -4) + 5?
1
What is -14 + 2 + 11 + 10?
9
-10 - (-11 + -1 - -11)
-9
-3 + 2 + (2 - (-1 - -1))
1
(0 - (-6 - -7)) + (1 - 0)
0
Calculate (-4 - -19) + -11 + -1 + 1.
4
What is -6 + (0 - ((-5 - -3) + 4))?
-8
What is -1 + -2 - (-3 + 4 + 2)?
-6
Evaluate 0 + -7 + 4 + (-2 - 1).
-6
What is (0 - (-10 - 0)) + -7 + 6?
9
Evaluate (8 - -2) + 7 + -14.
3
What is 4 - (-6 - (-8 - 1))?
1
3 + -5 + 5 - -1
4
What is 8 + -2 + (-12 - -1)?
-5
Evaluate -7 - (-4 + -1 + -5).
3
Evaluate -16 - (0 + -6 + -1).
-9
-9 - -9 - (-2 - (1 - 0))
3
What is the value of -7 + 17 + -7 + -1?
2
Evaluate 2 - -8 - (-4 + 11).
3
5 + 3 - (10 - 3)
1
8 + (-3 - (-1 - (2 - 3)))
5
What is the value of 6 + (2 - -2 - 6)?
4
What is the value of -4 + 2 + 0 - (2 - 4)?
0
Evaluate (2 - 0) + (8 - 5) + -2.
3
What is (22 - 24) + -3 + 0 + 0?
-5
-3 + (6 - 3) + 2
2
Evaluate 4 + 12 + -19 - (-3 - -1).
-1
Calculate -1 + 0 + -1 + 5.
3
(13 - ((-5 - 1) + 11)) + -7
1
Calculate (-9 - -18) + -2 + -6 + 5.
6
What is 0 - (0 - (4 + (-2 - 0)))?
2
-1 - (-6 + 0 - (29 - 29))
5
(4 - 7) + 7 + -9
-5
Calculate 48 - 56 - (3 + -17).
6
19 + -9 + 1 + -4
7
22 + -20 + 2 + 0
4
Calculate -6 + -8 + 0 + 11.
-3
Evaluate 8 - ((-2 - 1) + -8 + 14).
5
-1 - (0 - ((-2 - -4) + -4))
-3
What is the value of (1 - 7) + 3 - (-1 - -3)?
-5
Calculate -4 + 0 + 1 + -2 + 0.
-5
Evaluate 3 - (10 + -9 - (-1 + 1)).
2
What is the value of -1 + 8 + 0 + 4 + -5?
6
What is the value of -6 + 4 + -2 - 1?
-5
What is -62 - -60 - (0 - (-1 + -1))?
-4
1 + -4 - (24 - 23)
-4
Calculate -4 + 1 - (2 - (0 - -1)).
-4
What is the value of (-6 + 10 - (5 - 4)) + -3?
0
Calculate (6 - 11) + 4 + 1 + 2.
2
Calculate -2 + 4 + (-2 - -3 - -2).
5
Evaluate 3 - -1 - (2 + 1).
1
What is 1 - (4 + 0 - (-3 - -1))?
-5
Evaluate 12 - 10 - (1 + 4).
-3
Calculate (2 - 2) + (-25 - -31).
6
What is the value of -2 - (-4 - -2) - 0?
0
Evaluate 3 + (0 - (0 + 2)).
1
Calculate 4 - (4 + 2 - 5).
3
What is the value of -1 - -2 - (-2 + -1 + 6)?
-2
What is the value of -3 + (6 - (7 - 5))?
1
What is (-1 - -7) + (14 - (32 - 14))?
2
What is the value of (-2 - (-6 - (-7 - -4))) + -6?
-5
What is the value of 2 + 3 + 2 - (4 - 2)?
5
Evaluate (-13 - -5 - -16) + -19.
-11
(1 - -5) + (-5 - -5) + -1
5
What is the value of (-1 + (-5 - -6) - -4) + -3?
1
Calculate 1 + -5 + 2 + (8 - 1).
5
What is the value of 50 + -48 - (0 + -1 - 1)?
4
What is 21 + -27 + -4 + -1 - -4?
-7
1 + 0 - (10 + (3 - 9))
-3
-1 + -1 + -15 + 12
-5
What is -3 + 0 - (-7 + 11)?
-7
Evaluate -3 - ((3 - 6) + -5).
5
-3 + -1 - -3 - 2
-3
What is 1 + (-4 - 1) + 5?
1
What is the value of 0 + 3 + (-7 - -2)?
-2
Evaluate 9 + -2 + -5 + 1.
3
What is (12 - 23) + -4 - -14?
-1
Evaluate (9 - 5) + 0 + 1 + -4.
1
(-2 - 0) + (0 - (6 + -6))
-2
Evaluate -1 - -9 - (-22 + 27).
3
Evaluate -2 - (0 + (2 - 1)).
-3
Evaluate -5 + 4 + 0 + -1 + 0.
-2
Evaluate 2 + -2 + 4 + -12 + 3.
-5
What is the value of -10 + 4 + -2 - -5?
-3
6 - 8 - (2 + 3) - -3
-4
Calculate 7 + 10 + -21 + 7.
3
1 - (-2 + (4 - 3) - 3)
5
What is the value of -6 - -6 - -4 - 3?
1
(4 - (6 - 3)) + 0
1
What is -4 - (-7 + (-4 - (-7 - -2)))?
2
Calculate 12 + -10 + -5 - (3 - 4).
-2
What is the value of -2 - (-3 - -3 - -1)?
-3
Calculate (2 - 0) + 4 + -7 + 4.
3
Evaluate 1 - 2 - (-12 - -3).
8
What is 7 - 4 - (-2 + (-4 - -9))?
0
-8 - (-3 + 0) - -1
-4
Calculate (1 + 6 - 11 - -11) + -5.
2
What is -6 + (-2 + 3 - -1) - -4?
0
Calculate 39 + -41 + (1 - (-1 - -4)).
-4
Calculate -7 + 4 - (-1 - 3) - -2.
3
Calculate (-4 + -2 - -7) + (-4 - 0).
-3
What is 0 + -1 + (6 - (5 + 3))?
-3
Evaluate -9 + -1 + 7 - (1 + 0).
-4
Evaluate -5 + 7 + 1 + 2.
5
Evaluate -9 - ((-4 - -6 - 6) + 5).
-10
3 - (-1 - (-1 - 10))
-7
What is the value of -6 - (4 + -8 - 0)?
-2
What is the value of (-5 - (-5 - -1)) + 4 + -7?
-4
Evaluate -4 + (-1 - -1) + 5.
1
Calculate 5 + 3 + (-2 - 2) + 1.
5
Evaluate -6 + (6 - (-6 + 2)).
4
Evaluate -3 - ((-2 - 13) + 10).
2
What is (0 + 5 - (-5 + 0)) + -5?
5
What is the value of -1 - (5 - 1) - -5?
0
5 + (9 + -16 - 0)
-2
Calculate 4 + -6 + -1 + 12 + -5.
4
Evaluate 1 + 11 + -7 + 2 + -5.
2
5 - (7 + (-2 - -1))
-1
What is the value of -4 - (-4 + 1 + 1 - -2)?
-4
Calculate 1 - ((5 - 4) + -3 + 1).
2
What is (-4 - -17) + -16 + 0?
-3
Calculate -1 + 3 + -11 + -1 + 4.
-6
What is (-8 - -2) + (23 - 12) + -3?
2
(-1 - 1) + -11 + 9 - -13
9
What is the value of 0 + (5 - 8 - -5)?
2
What is the value of -6 - (3 + -2 + -9)?
2
Calculate (0 + -5 - (-1 + -7)) + -4.
-1
Evaluate (5 - (23 + -3)) + 8.
-7
What is the value of 0 - (1 + (0 - (1 + -3)))?
-3
What is the value of -4 - -1 - (6 + 7 + -13)?
-3
Calculate 6 - 11 - (-19 + 2 - -4).
8
(0 + 1 - (21 + -17)) + 7
4
3 + 0 + (1 - 0)
4
-1 - ((1 - 9 - -3) + 2)
2
What is (7 - (2 - 1)) + -5?
1
What is 1 + 4 - (4 + -1 + 5)?
-3
What is -4 + -2 + 10 + -9?
-5
0 + -5 - (-15 + 5)
5
-17 - -13 - (1 + -5)
0
5 + -1 - (1 - 2 - -8)
-3
(2 - 2) + 1 - (0 + -2)
3
Calculate 2 + 1 + (-1 - -1) - 3.
0
What is -4 - (3 + -14 - -3)?
4
What is 6 + 3 - 8 - 2?
-1
What is the value of 3 + -1 - 2 - (6 + -2)?
-4
Calculate 9 + 9 + -12 - 3.
3
What is the value of (2 + -9 - (-2 - 2)) + 3?
0
Evaluate 3 - (7 - 9 - 1).
6
Calculate 1 - 13 - (-184 + 176).
-4
(2 - 2 - -3) + -6 + 3
0
Calculate -11 - -8 - (-9 - -1) - 8.
-3
What is the value of (-1 + 2 - (3 + 1)) + 0?
-3
What is the value of 5 + (-3 - (0 - 0)) + 2?
4
What is the value of -3 + (-3 - -3) - 2?
-5
Evaluate -2 - 2 - (-9 - -4).
1
Evaluate -6 - (-3 + -4) - 2.
-1
Evaluate 8 - (15 + -8 - -2).
-1
What is the value of 0 + -4 + (1 - -4)?
1
Calculate 2 + 2 - (-2 - -3).
3
What is the value of 4 + -1 + (1 - -7 - 5)?
6
Calculate (6 - (-2 - -8)) + 3 + 0.
3
Evaluate 3 + (-19 + -4 + 7 - -5).
-8
Evaluate -1 + (-4 + 1 - -1).
-3
What is the value of 4 - (9 - 2) - (-2 + 3)?
-4
-4 + (1 -